 1777, 89659
List the prime factors of 126068884.
2, 2729, 11549
List the prime factors of 22308922.
2, 11154461
What are the prime factors of 9232570?
2, 5, 239, 3863
What are the prime factors of 122344136?
2, 15293017
List the prime factors of 235171791.
3, 26130199
List the prime factors of 2720885672.
2, 739, 460231
List the prime factors of 48141887.
163, 263, 1123
What are the prime factors of 22821291?
3, 89, 9497
List the prime factors of 2026667646.
2, 3, 112592647
What are the prime factors of 59114287?
17, 797, 4363
List the prime factors of 629877244.
2, 43, 3662077
What are the prime factors of 984944893?
23, 29, 271, 5449
What are the prime factors of 1023041?
1023041
List the prime factors of 107793621.
3, 13, 179, 5147
List the prime factors of 800597123.
61, 13124543
What are the prime factors of 4417069437?
3, 11, 1709, 26107
What are the prime factors of 45478935?
3, 5, 23, 97, 151
What are the prime factors of 16520195?
5, 1367, 2417
List the prime factors of 79995265.
5, 7, 23, 43, 2311
What are the prime factors of 3055775248?
2, 71, 2689943
List the prime factors of 62572968.
2, 3, 869069
List the prime factors of 275177759.
17, 16186927
What are the prime factors of 1390090207?
11, 1759, 71843
List the prime factors of 204029125.
5, 19, 271, 317
List the prime factors of 793995971.
23311, 34061
List the prime factors of 3285284445.
3, 5, 73006321
What are the prime factors of 4806744?
2, 3, 37, 5413
List the prime factors of 13253003.
13253003
What are the prime factors of 233824690?
2, 5, 11, 2125679
List the prime factors of 95966398.
2, 11, 4362109
List the prime factors of 796139666.
2, 7, 56867119
What are the prime factors of 611735089?
7, 17, 1613, 3187
List the prime factors of 44277917.
43, 197, 5227
What are the prime factors of 164675385?
3, 5, 7, 139, 3761
List the prime factors of 397367137.
1597, 248821
What are the prime factors of 476595813?
3, 158865271
What are the prime factors of 107709073?
617, 174569
List the prime factors of 74012486.
2, 19, 53, 36749
What are the prime factors of 90571653?
3, 10063517
What are the prime factors of 1432992313?
1432992313
What are the prime factors of 12157590?
2, 3, 5, 405253
What are the prime factors of 47441415?
3, 5, 7, 451823
List the prime factors of 229942518.
2, 3, 13, 47, 62723
What are the prime factors of 1233566745?
3, 5, 1777, 46279
List the prime factors of 1326567464.
2, 41, 4044413
List the prime factors of 615422738.
2, 7, 67, 509, 1289
What are the prime factors of 364175977?
11, 33106907
What are the prime factors of 985878883?
11, 131, 684163
What are the prime factors of 33631719?
3, 11, 43, 137, 173
List the prime factors of 1828945282.
2, 19, 97, 496187
What are the prime factors of 2775660434?
2, 1387830217
List the prime factors of 1195548522.
2, 3, 7, 43, 661987
What are the prime factors of 1849745459?
271, 6825629
List the prime factors of 222882837.
3, 61, 991, 1229
What are the prime factors of 2595684496?
2, 162230281
What are the prime factors of 5593447532?
2, 1398361883
List the prime factors of 59669857.
13, 103, 44563
List the prime factors of 172702978.
2, 7, 2731, 4517
List the prime factors of 66506412.
2, 3, 7, 197, 4019
What are the prime factors of 47039857?
197, 238781
What are the prime factors of 2268761725?
5, 53, 1009, 1697
What are the prime factors of 1564606652?
2, 7, 859, 9293
List the prime factors of 59646622.
2, 7, 83, 7333
List the prime factors of 739410023.
11, 19, 3537847
List the prime factors of 561677456.
2, 5897, 5953
List the prime factors of 510478631.
13, 193, 203459
List the prime factors of 29248041.
3, 17, 43, 13337
List the prime factors of 37669966.
2, 59, 319237
List the prime factors of 600678165.
3, 5, 31, 37, 34913
What are the prime factors of 42490609?
7, 6070087
What are the prime factors of 167677776?
2, 3, 7, 61, 101
What are the prime factors of 2728768081?
13, 1873, 112069
What are the prime factors of 267778025?
5, 29, 433, 853
List the prime factors of 1427788944.
2, 3, 1101689
List the prime factors of 200733426.
2, 3, 113, 98689
List the prime factors of 190771384.
2, 23, 139, 7459
What are the prime factors of 15072623?
15072623
List the prime factors of 70930187.
70930187
List the prime factors of 64774021.
13, 19, 191, 1373
What are the prime factors of 189281451?
3, 17, 3711401
List the prime factors of 1076517583.
1076517583
What are the prime factors of 138391982?
2, 69195991
What are the prime factors of 1267450405?
5, 13, 1013, 19249
What are the prime factors of 991989478?
2, 101, 1663, 2953
What are the prime factors of 110038667?
73, 1507379
What are the prime factors of 55186891?
367, 150373
What are the prime factors of 1153655074?
2, 11, 13, 4033759
List the prime factors of 198063539.
1889, 104851
List the prime factors of 178737338.
2, 13, 1423, 4831
What are the prime factors of 83922771?
3, 37, 73, 10357
What are the prime factors of 71984181?
3, 23, 167, 6247
List the prime factors of 658529127.
3, 311, 235273
What are the prime factors of 79364460?
2, 3, 5, 7, 233, 811
What are the prime factors of 224102792?
2, 859, 32611
What are the prime factors of 277505935?
5, 7, 83, 95527
What are the prime factors of 585931576?
2, 19, 401, 9613
List the prime factors of 4038033077.
13, 359, 865231
List the prime factors of 225349447.
31, 1723, 4219
List the prime factors of 73043252.
2, 18260813
List the prime factors of 5972662240.
2, 5, 47, 503, 1579
List the prime factors of 41158422.
2, 3, 53, 73, 197
What are the prime factors of 968832842?
2, 401, 1208021
List the prime factors of 80453087.
11, 13, 19, 29611
List the prime factors of 66222898.
2, 7, 59, 80173
List the prime factors of 341213345.
5, 11, 359, 1571
What are the prime factors of 88970590?
2, 5, 79, 112621
List the prime factors of 589799526.
2, 3, 67, 163, 9001
What are the prime factors of 82666069?
82666069
List the prime factors of 485054954.
2, 31, 157, 49831
What are the prime factors of 37480894?
2, 11, 653, 2609
List the prime factors of 23757622.
2, 7, 1696973
List the prime factors of 930492273.
3, 4787, 64793
What are the prime factors of 1264539930?
2, 3, 5, 233, 180907
What are the prime factors of 761864921?
21521, 35401
List the prime factors of 202426486.
2, 101213243
List the prime factors of 2773538.
2, 293, 4733
List the prime factors of 2463198645.
3, 5, 164213243
What are the prime factors of 739758017?
71, 10419127
What are the prime factors of 5309424394?
2, 17, 223, 307, 2281
What are the prime factors of 441186826?
2, 67, 3292439
What are the prime factors of 2016170502?
2, 3, 73, 229, 20101
List the prime factors of 65516188.
2, 2939, 5573
What are the prime factors of 68464117?
17, 601, 6701
List the prime factors of 211861037.
29, 31, 235663
What are the prime factors of 111587657?
111587657
What are the prime factors of 2172426424?
2, 7, 29, 1337701
List the prime factors of 693695330.
2, 5, 69369533
List the prime factors of 153579912.
2, 3, 157, 40759
List the prime factors of 1469281881.
3, 71, 6898037
List the prime factors of 107423675.
5, 43, 99929
List the prime factors of 65818706.
2, 47, 700199
List the prime factors of 40528134.
2, 3, 750521
What are the prime factors of 2389308777?
3, 265478753
List the prime factors of 799686523.
43, 233, 79817
List the prime factors of 2179588.
2, 544897
What are the prime factors of 346567355?
5, 17, 373, 643
What are the prime factors of 13509430?
2, 5, 11, 191, 643
List the prime factors of 100331343.
3, 7, 19, 79, 1061
List the prime factors of 295676430.
2, 3, 5, 7, 463, 3041
List the prime factors of 23182774.
2, 19, 29, 109, 193
List the prime factors of 14899481.
14899481
What are the prime factors of 4086707806?
2, 59, 2543, 13619
List the prime factors of 1799204.
2, 11, 103, 397
What are the prime factors of 509836453?
7, 73, 163, 6121
What are the prime factors of 947364732?
2, 3, 107, 245941
What are the prime factors of 180806630?
2, 5, 409, 44207
What are the prime factors of 55980724?
2, 173, 80897
List the prime factors of 452902705.
5, 90580541
List the prime factors of 1565491683.
3, 7, 419, 177917
List the prime factors of 2422029061.
2422029061
What are the prime factors of 4988953503?
3, 61, 113, 137